{"id":178,"date":"2021-05-19T16:40:32","date_gmt":"2021-05-19T16:40:32","guid":{"rendered":"https:\/\/www.atilanoanllo.com\/productos-gallegos\/?page_id=178"},"modified":"2021-10-17T16:26:01","modified_gmt":"2021-10-17T16:26:01","slug":"legal","status":"publish","type":"page","link":"https:\/\/www.atilanoanllo.com\/productos-gallegos\/legal\/","title":{"rendered":"Legal"},"content":{"rendered":"\n<p><strong>1.- Informaci\u00f3n legal, &nbsp;aceptaci\u00f3n y uso<\/strong><\/p>\n\n\n\n<p>Las presentes disposiciones regulan el acceso y el uso del servicio de la p\u00e1gina web que&nbsp;ATILANO ANLLO, S.L,&nbsp;&nbsp;pone a disposici\u00f3n de los usuarios, siendo el Dominio&nbsp;<a href=\"http:\/\/www.atilanoanllo.com\/\"><strong>http:\/\/www.atilanoanllo.com<\/strong><\/a>&nbsp;(En adelante Web)<\/p>\n\n\n\n<p>En cumplimiento con el deber de informaci\u00f3n recogido en el art\u00edculo 10 de la Ley 34\/2002, de 11 de julio, de Servicios de la Sociedad de la Informaci\u00f3n y del Comercio Electr\u00f3nico, a continuaci\u00f3n se reflejan los siguientes datos:<\/p>\n\n\n\n<p>Titular del dominio:&nbsp;ATILANO ANLLO, S.L&nbsp;con domicilio en P.I SETEPONTES, R\u00daA DO CASTI\u00d1EIRO, N\u00ba 6, VILLALBA. La utilizaci\u00f3n de la Web atribuye la condici\u00f3n de Usuario e implica la aceptaci\u00f3n de todas las condiciones incluidas en este Aviso Legal. El Usuario debe leer atentamente el presente Aviso Legal cada vez que desee acceder a las informaciones contenidas en la Web, ya que el mismo pudiera haber sufrido modificaciones.<\/p>\n\n\n\n<p><a href=\"http:\/\/www.atilanoanllo.com\/\"><strong>http:\/\/www.atilanoanllo.com<\/strong><\/a>&nbsp;proporciona el acceso a multitud de informaciones, servicios, programas o datos (en adelante \u201clos contenidos\u201d) en Internet pertenecientes a&nbsp;ATILANO ANLLO, S.L&nbsp;El usuario asume la responsabilidad del uso del portal. Dicha responsabilidad se extiende al registro que fuese necesario para acceder a determinados servicios o contenidos.<\/p>\n\n\n\n<p>En dicho registro el Usuario ser\u00e1 responsable de aportar informaci\u00f3n veraz y l\u00edcita. Como consecuencia de este registro, al USUARIO se le puede proporcionar una contrase\u00f1a de la que ser\u00e1 responsable, comprometi\u00e9ndose a hacer un uso diligente y confidencial de la misma. El Usuario se compromete a hacer un uso adecuado de los contenidos y servicios que&nbsp;<a href=\"http:\/\/www.atilanoanllo.com\/\"><strong>http:\/\/www.atilanoanllo.com<\/strong><\/a>&nbsp;ofrece a trav\u00e9s de su portal.<\/p>\n\n\n\n<p><strong>2.-&nbsp;Propiedad intelectual de los contenidos del website<\/strong><\/p>\n\n\n\n<p>ATILANO ANLLO. S.L&nbsp;&nbsp;es titular de todos los derechos de propiedad intelectual e industrial de su p\u00e1gina web, as\u00ed como de los elementos contenidos en la misma.&nbsp; En virtud de lo dispuesto en los art\u00edculos 8 y 32.1, p\u00e1rrafo segundo, de la Ley de Propiedad Intelectual, quedan expresamente prohibidas la reproducci\u00f3n, la distribuci\u00f3n y la comunicaci\u00f3n p\u00fablica, incluida su modalidad de puesta a disposici\u00f3n, de la totalidad o parte de los contenidos de esta p\u00e1gina web, con fines comerciales, en cualquier soporte y por cualquier medio t\u00e9cnico, sin la autorizaci\u00f3n de&nbsp;ATILANO ANLLO. S.L&nbsp;&nbsp;El Usuario se compromete a respetar los derechos de Propiedad intelectual e industrial titularidad de&nbsp;ATILANO ANLLO. S.L&nbsp;&nbsp;podr\u00e1 visualizar los elementos del portal e incluso imprimirlos, copiarlos y almacenarlos en el disco duro de su ordenador o en cualquier otro soporte f\u00edsico siempre y cuando sea, \u00fanica y exclusivamente, para su uso personal y privado.<\/p>\n\n\n\n<p><strong>3.-&nbsp;Exenci\u00f3n de responsabilidad por los contenidos y servicios prestados<\/strong><\/p>\n\n\n\n<p>ATILANO ANLLO. S.L&nbsp;&nbsp;no se hace responsable, en ning\u00fan caso, de los da\u00f1os y perjuicios de cualquier naturaleza que pudiera ocasionar el Usuario, a t\u00edtulo enunciativo: errores u omisiones en los contenidos, falta de disponibilidad del portal o la transmisi\u00f3n de virus o programas maliciosos o lesivos en los contenidos, a pesar de haber adoptado todas las medidas tecnol\u00f3gicas necesarias para evitarlo.<\/p>\n\n\n\n<p>ATILANO ANLLO. S.L&nbsp;&nbsp;se reserva el derecho de efectuar sin previo aviso las modificaciones que considere oportunas en su portal, pudiendo cambiar, suprimir o a\u00f1adir tanto los contenidos y servicios que se presten a trav\u00e9s de la misma como la forma en la que \u00e9stos aparezcan presentados o localizados en su portal.<\/p>\n\n\n\n<p>ATILANO ANLLO. S.L&nbsp;&nbsp;NO asumir\u00e1 responsabilidad alguna por los contenidos de alg\u00fan enlace perteneciente a un sitio web ajeno, ni garantizar\u00e1 la disponibilidad t\u00e9cnica, calidad, fiabilidad, exactitud, amplitud, veracidad, validez y constitucionalidad de cualquier material o informaci\u00f3n contenida en ninguno de dichos hiperv\u00ednculos u otros sitios de Internet. Igualmente la inclusi\u00f3n de estas conexiones externas no implicar\u00e1 ning\u00fan tipo de asociaci\u00f3n, fusi\u00f3n o participaci\u00f3n con las entidades conectadas.<\/p>\n\n\n\n<p>ATILANO ANLLO. S.L&nbsp;&nbsp;se reserva el derecho a denegar o retirar el acceso a portal y\/o los servicios ofrecidos sin necesidad de preaviso, a instancia propia o de un tercero, a aquellos usuarios que incumplan las presentes Condiciones Generales de Uso.<\/p>\n\n\n\n<p>ATILANO ANLLO. S.L&nbsp;&nbsp;podr\u00e1 modificar en cualquier momento las condiciones aqu\u00ed determinadas, siendo debidamente publicadas como aqu\u00ed aparecen. La vigencia de las citadas condiciones ir\u00e1 en funci\u00f3n de su exposici\u00f3n y estar\u00e1n vigentes hasta que sean modificadas por otras debidamente publicadas.<\/p>\n\n\n\n<p><strong>4. Segunda capa de informaci\u00f3n: pol\u00edtica de cookies<\/strong><\/p>\n\n\n\n<p><strong>Pol\u00edtica de Cookies<\/strong><\/p>\n\n\n\n<p>ATILANO ANLLO. S.L&nbsp;&nbsp;titular de&nbsp;&nbsp;<a href=\"http:\/\/www.atilanoanllo.com\/\"><strong>http:\/\/www.atilanoanllo.com<\/strong><\/a>&nbsp;utiliza cookies&nbsp;&nbsp;con las finalidades que se indican a continuaci\u00f3n.<\/p>\n\n\n\n<p><strong>\u00bfQu\u00e9 es una cookie?<\/strong><\/p>\n\n\n\n<p>Una cookie es un peque\u00f1o fichero que se descarga en su ordenador u otro dispositivo (smartphone, tablet, etc.) que utilice cuando visita. Entre otros fines, las cookies le permiten personalizar los contenidos a los que accede y a nosotros obtener estad\u00edsticas para mejorar nuestros servicios y tambi\u00e9n ofrecerle publicidad.<\/p>\n\n\n\n<p>Con car\u00e1cter general, se puede utilizar varios criterios para clasificar las cookies, en funci\u00f3n de qui\u00e9n las gestione (propias o de terceros), el plazo de tiempo durante el que permanecen actividades (de sesi\u00f3n o persistentes) o su finalidad (t\u00e9cnica, de personalizaci\u00f3n, de an\u00e1lisis, etc.). En el \u00faltimo caso, dependiendo de cu\u00e1l sea la finalidad concreta pueden requerir, o no, obtener el consentimiento del usuario.<\/p>\n\n\n\n<p>A continuaci\u00f3n, se explica con car\u00e1cter general las cookies que puede haber con car\u00e1cter general de manera que ello permita entender posteriormente qu\u00e9 cookies utiliza&nbsp;&nbsp;en<\/p>\n\n\n\n<figure class=\"wp-block-table\"><table><tbody><tr><td><strong>Cookies<\/strong><\/td><\/tr><tr><td><strong>\u00bfDe qui\u00e9n son?<\/strong><\/td><td><strong>Propias<\/strong><\/td><td>Ser\u00edan las que, en su caso, enviase&nbsp;&nbsp;a su dispositivo desde<\/td><\/tr><tr><td><strong>De tercero<\/strong><\/td><td>Ser\u00edan las que, en su caso, enviasen otras entidades, como por ejemplo Google en el caso de las cookies de Google Analytics.<\/td><\/tr><tr><td><strong>\u00bfCu\u00e1nto tiempo permanecen activadas?<\/strong><\/td><td><strong>De sesi\u00f3n<\/strong><\/td><td>Recaban y almacenan datos durante la sesi\u00f3n del usuario, como por ejemplo para prestar un servicio.&nbsp;Se eliminan cuando finaliza la sesi\u00f3n.<\/td><\/tr><tr><td><strong>Persistentes<\/strong><\/td><td>Los datos recabados a trav\u00e9s del uso de la cookie siguen almacenados durante un periodo de tiempo que pueden ser minutos o incluso a\u00f1os.<\/td><\/tr><tr><td><strong>\u00bfCu\u00e1l es su finalidad?<\/strong><\/td><td><strong>No requieren consentimiento del usuario<\/strong><\/td><\/tr><tr><td><strong>T\u00e9cnicas<\/strong><\/td><td>Son necesarias para que la navegaci\u00f3n por la p\u00e1gina web que se visita sea posible, de manera que funcione adecuadamente.<\/td><\/tr><tr><td><strong>De personalizaci\u00f3n o configuraci\u00f3n<\/strong><\/td><td>Sirven para personalizar o configurar la presentaci\u00f3n de la p\u00e1gina web que visita el usuario reconociendo su idioma, tama\u00f1o de letra, etc.<\/td><\/tr><tr><td><strong>De seguridad<\/strong><\/td><td>Se utilizan para prevenir o dificultar ataques contra el sitio o p\u00e1gina web y\/o los usuarios.<\/td><\/tr><tr><td><strong>Requieren consentimiento del usuario<\/strong><\/td><\/tr><tr><td><strong>Anal\u00edticas<\/strong><\/td><td>Sirven para medir la actividad del usuario al visitar el sitio o p\u00e1gina web y elaborar estad\u00edsticas de navegaci\u00f3n con el fin de mejorar el servicio, la informaci\u00f3n, etc.<\/td><\/tr><tr><td><strong>Publicitarias<\/strong><\/td><td>Sirven para gestionar la frecuencia y el contenido de la publicidad que se muestra.<\/td><\/tr><tr><td><strong>De seguimiento<\/strong><\/td><td>Sirven para mostrar publicidad personalizada.<\/td><\/tr><\/tbody><\/table><\/figure>\n\n\n\n<p><strong>\u00bfQu\u00e9 cookies se utilizan en&nbsp;?<\/strong><\/p>\n\n\n\n<p>En concreto,&nbsp;ATILANO ANLLO. S.L&nbsp;&nbsp;en&nbsp;&nbsp;<a href=\"http:\/\/www.atilanoanllo.com\/\"><strong>http:\/\/www.atilanoanllo.com<\/strong><\/a>&nbsp;utiliza las siguientes cookies tanto propias como de terceros:<\/p>\n\n\n\n<figure class=\"wp-block-table\"><table><tbody><tr><td><strong>Cookies propias<\/strong><\/td><\/tr><tr><td>Tipo<\/td><td>Finalidad<\/td><td>Tiempo de activaci\u00f3n<\/td><td>M\u00e1s informaci\u00f3n<\/td><\/tr><tr><td>&nbsp;<\/td><td>&nbsp;<\/td><td>&nbsp;<\/td><td>&nbsp;<\/td><td>&nbsp;<\/td><\/tr><tr><td><\/td><td><\/td><td><\/td><td><\/td><td><\/td><\/tr><\/tbody><\/table><\/figure>\n\n\n\n<figure class=\"wp-block-table\"><table><tbody><tr><td><strong>Cookies de terceros<\/strong><\/td><\/tr><tr><td>Tipo<\/td><td>Finalidad<\/td><td>Tiempo de activaci\u00f3n<\/td><td>M\u00e1s informaci\u00f3n<\/td><\/tr><tr><td>&nbsp;<\/td><td>&nbsp;<\/td><td>&nbsp;<\/td><td>&nbsp;<\/td><td>&nbsp;<\/td><\/tr><tr><td><\/td><td><\/td><td><\/td><td><\/td><td><\/td><\/tr><\/tbody><\/table><\/figure>\n\n\n\n<p><strong>Gesti\u00f3n y desactivaci\u00f3n o eliminaci\u00f3n de las cookies:<\/strong><\/p>\n\n\n\n<p>Salvo en el caso de las cookies que son necesarias para poder navegar en&nbsp;; por lo que se refiere a las cookies anal\u00edticas y publicitarias indicadas anteriormente, en cualquier momento Usted podr\u00e1 ejercer su derecho de desactivaci\u00f3n o eliminaci\u00f3n de cookies instaladas en su equipo o dispositivo mediante la configuraci\u00f3n de las opciones del navegador que utilice.<\/p>\n\n\n\n<p>En funci\u00f3n del navegador que est\u00e9 usando, variar\u00e1 la manera en la que pueda eliminar, desactivar o bloquear las cookies. Al respecto, puede consultar los siguientes links de los principales navegadores donde podr\u00e1 encontrar m\u00e1s informaci\u00f3n:<\/p>\n\n\n\n<figure class=\"wp-block-table\"><table><tbody><tr><td><strong>Navegador<\/strong><\/td><td><strong>URL<\/strong><\/td><\/tr><tr><td><strong>Safari<\/strong><\/td><td><a href=\"https:\/\/www.apple.com\/legal\/privacy\/es\/cookies\/\">https:\/\/www.apple.com\/legal\/privacy\/es\/cookies\/<\/a><strong><\/strong><\/td><\/tr><tr><td><strong>Chrome<\/strong><\/td><td><a href=\"https:\/\/support.google.com\/accounts\/answer\/61416?hl=es\">https:\/\/support.google.com\/accounts\/answer\/61416?hl=es<\/a><\/td><\/tr><tr><td><strong>Firefox<\/strong><\/td><td><a href=\"https:\/\/support.mozilla.org\/es\/kb\/habilitar-y-deshabilitar-cookies-sitios-web-rastrear-preferencias?redirectlocale=es&amp;redirectslug=habilitar-y-deshabilitar-cookies-que-los-sitios-we\">https:\/\/support.mozilla.org\/es\/kb\/habilitar-y-deshabilitar-cookies-sitios-web-rastrear-preferencias?redirectlocale=es&amp;redirectslug=habilitar-y-deshabilitar-cookies-que-los-sitios-we<\/a><strong><\/strong><\/td><\/tr><tr><td><strong>Edge<\/strong><strong><\/strong><\/td><td><a href=\"http:\/\/windows.microsoft.com\/es-es\/windows-10\/edge-privacy-faq\">http:\/\/windows.microsoft.com\/es-es\/windows-10\/edge-privacy-faq<\/a><\/td><\/tr><tr><td><strong>Opera<\/strong><\/td><td><a href=\"http:\/\/help.opera.com\/Linux\/10.60\/es-ES\/cookies.html\">http:\/\/help.opera.com\/Linux\/10.60\/es-ES\/cookies.html<\/a>&nbsp;<\/td><\/tr><tr><td><\/td><td>&nbsp;<\/td><\/tr><\/tbody><\/table><\/figure>\n\n\n\n<p><strong>Consultas y m\u00e1s informaci\u00f3n sobre cookies:<\/strong><\/p>\n\n\n\n<p>Si tiene alguna consulta sobre esta Pol\u00edtica de Cookies puede dirigirse a&nbsp;<strong>info@atilanoanllo.com<\/strong><\/p>\n\n\n\n<p>Si desea obtener m\u00e1s informaci\u00f3n sobre las cookies, puede consultar la Gu\u00eda sobre el uso de las cookies de la Agencia Espa\u00f1ola de Protecci\u00f3n de Datos (AEPD), elaborada junto con varias asociaciones sectoriales, y que se encuentra disponible en&nbsp;&nbsp;<a href=\"http:\/\/www.agpd.es\/\"><strong>www.agpd.es<\/strong><\/a>.<\/p>\n\n\n\n<p><strong>Actualizaci\u00f3n de la Pol\u00edtica de Cookies:<\/strong><\/p>\n\n\n\n<p>Esta Pol\u00edtica de Cookies est\u00e1 actualizada a 18 de Mayo&nbsp;&nbsp;de 2021<\/p>\n\n\n\n<h4 class=\"wp-block-heading\">Informaci\u00f3n relacionada con la resoluci\u00f3n de disputa en l\u00ednea del Art. 14, p\u00e1rr. 1 del ODR (Regulaci\u00f3n de resoluci\u00f3n de disputa en l\u00ednea):<\/h4>\n\n\n\n<p>La Comisi\u00f3n Europea ofrece a los consumidores la oportunidad de resolver disputas en l\u00ednea conforme al Art. 14, p\u00e1rr. 1 del ODR en una de sus plataformas. La plataforma (<a href=\"http:\/\/ec.europa.eu\/consumers\/odr\" target=\"_blank\" rel=\"noreferrer noopener\">http:\/\/ec.europa.eu\/consumers\/odr<\/a>) sirve como web en la que los consumidores pueden intentar llegar a acuerdos sin ir a juicio relacionados con las disputas que surjan en las compras y contratos de servicios en l\u00ednea.<\/p>\n","protected":false},"excerpt":{"rendered":"<p>1.- Informaci\u00f3n legal, &nbsp;aceptaci\u00f3n y uso Las presentes disposiciones regulan el acceso y el uso del servicio de la p\u00e1gina web que&nbsp;ATILANO ANLLO, S.L,&nbsp;&nbsp;pone a disposici\u00f3n de los usuarios, siendo el Dominio&nbsp;http:\/\/www.atilanoanllo.com&nbsp;(En adelante Web) En cumplimiento con el deber de informaci\u00f3n recogido en el art\u00edculo 10 de la Ley 34\/2002, de 11 de julio, de [&hellip;]<\/p>\n","protected":false},"author":1,"featured_media":0,"parent":0,"menu_order":0,"comment_status":"closed","ping_status":"closed","template":"","meta":{"_et_pb_use_builder":"off","_et_pb_old_content":"","_et_gb_content_width":"1080","footnotes":""},"class_list":["post-178","page","type-page","status-publish","hentry"],"yoast_head":"<!-- This site is optimized with the Yoast SEO plugin v20.5 - https:\/\/yoast.com\/wordpress\/plugins\/seo\/ -->\n<title>Legal - Atilano Anllo<\/title>\n<meta name=\"robots\" content=\"noindex, follow\" \/>\n<meta property=\"og:locale\" content=\"es_ES\" \/>\n<meta property=\"og:type\" content=\"article\" \/>\n<meta property=\"og:title\" content=\"Legal - Atilano Anllo\" \/>\n<meta property=\"og:description\" content=\"1.- Informaci\u00f3n legal, &nbsp;aceptaci\u00f3n y uso Las presentes disposiciones regulan el acceso y el uso del servicio de la p\u00e1gina web que&nbsp;ATILANO ANLLO, S.L,&nbsp;&nbsp;pone a disposici\u00f3n de los usuarios, siendo el Dominio&nbsp;http:\/\/www.atilanoanllo.com&nbsp;(En adelante Web) En cumplimiento con el deber de informaci\u00f3n recogido en el art\u00edculo 10 de la Ley 34\/2002, de 11 de julio, de [&hellip;]\" \/>\n<meta property=\"og:url\" content=\"https:\/\/www.atilanoanllo.com\/productos-gallegos\/legal\/\" \/>\n<meta property=\"og:site_name\" content=\"Atilano Anllo\" \/>\n<meta property=\"article:modified_time\" content=\"2021-10-17T16:26:01+00:00\" \/>\n<meta name=\"twitter:card\" content=\"summary_large_image\" \/>\n<meta name=\"twitter:label1\" content=\"Tiempo de lectura\" \/>\n\t<meta name=\"twitter:data1\" content=\"7 minutos\" \/>\n<script type=\"application\/ld+json\" class=\"yoast-schema-graph\">{\"@context\":\"https:\/\/schema.org\",\"@graph\":[{\"@type\":\"WebPage\",\"@id\":\"https:\/\/www.atilanoanllo.com\/productos-gallegos\/legal\/\",\"url\":\"https:\/\/www.atilanoanllo.com\/productos-gallegos\/legal\/\",\"name\":\"Legal - Atilano Anllo\",\"isPartOf\":{\"@id\":\"https:\/\/www.atilanoanllo.com\/productos-gallegos\/#website\"},\"datePublished\":\"2021-05-19T16:40:32+00:00\",\"dateModified\":\"2021-10-17T16:26:01+00:00\",\"breadcrumb\":{\"@id\":\"https:\/\/www.atilanoanllo.com\/productos-gallegos\/legal\/#breadcrumb\"},\"inLanguage\":\"es\",\"potentialAction\":[{\"@type\":\"ReadAction\",\"target\":[\"https:\/\/www.atilanoanllo.com\/productos-gallegos\/legal\/\"]}]},{\"@type\":\"BreadcrumbList\",\"@id\":\"https:\/\/www.atilanoanllo.com\/productos-gallegos\/legal\/#breadcrumb\",\"itemListElement\":[{\"@type\":\"ListItem\",\"position\":1,\"name\":\"Portada\",\"item\":\"https:\/\/www.atilanoanllo.com\/productos-gallegos\/\"},{\"@type\":\"ListItem\",\"position\":2,\"name\":\"Legal\"}]},{\"@type\":\"WebSite\",\"@id\":\"https:\/\/www.atilanoanllo.com\/productos-gallegos\/#website\",\"url\":\"https:\/\/www.atilanoanllo.com\/productos-gallegos\/\",\"name\":\"Atilano Anllo\",\"description\":\"Tradici&oacute;n Gallega\",\"potentialAction\":[{\"@type\":\"SearchAction\",\"target\":{\"@type\":\"EntryPoint\",\"urlTemplate\":\"https:\/\/www.atilanoanllo.com\/productos-gallegos\/?s={search_term_string}\"},\"query-input\":\"required name=search_term_string\"}],\"inLanguage\":\"es\"}]}<\/script>\n<!-- \/ Yoast SEO plugin. -->","yoast_head_json":{"title":"Legal - Atilano Anllo","robots":{"index":"noindex","follow":"follow"},"og_locale":"es_ES","og_type":"article","og_title":"Legal - Atilano Anllo","og_description":"1.- Informaci\u00f3n legal, &nbsp;aceptaci\u00f3n y uso Las presentes disposiciones regulan el acceso y el uso del servicio de la p\u00e1gina web que&nbsp;ATILANO ANLLO, S.L,&nbsp;&nbsp;pone a disposici\u00f3n de los usuarios, siendo el Dominio&nbsp;http:\/\/www.atilanoanllo.com&nbsp;(En adelante Web) En cumplimiento con el deber de informaci\u00f3n recogido en el art\u00edculo 10 de la Ley 34\/2002, de 11 de julio, de [&hellip;]","og_url":"https:\/\/www.atilanoanllo.com\/productos-gallegos\/legal\/","og_site_name":"Atilano Anllo","article_modified_time":"2021-10-17T16:26:01+00:00","twitter_card":"summary_large_image","twitter_misc":{"Tiempo de lectura":"7 minutos"},"schema":{"@context":"https:\/\/schema.org","@graph":[{"@type":"WebPage","@id":"https:\/\/www.atilanoanllo.com\/productos-gallegos\/legal\/","url":"https:\/\/www.atilanoanllo.com\/productos-gallegos\/legal\/","name":"Legal - Atilano Anllo","isPartOf":{"@id":"https:\/\/www.atilanoanllo.com\/productos-gallegos\/#website"},"datePublished":"2021-05-19T16:40:32+00:00","dateModified":"2021-10-17T16:26:01+00:00","breadcrumb":{"@id":"https:\/\/www.atilanoanllo.com\/productos-gallegos\/legal\/#breadcrumb"},"inLanguage":"es","potentialAction":[{"@type":"ReadAction","target":["https:\/\/www.atilanoanllo.com\/productos-gallegos\/legal\/"]}]},{"@type":"BreadcrumbList","@id":"https:\/\/www.atilanoanllo.com\/productos-gallegos\/legal\/#breadcrumb","itemListElement":[{"@type":"ListItem","position":1,"name":"Portada","item":"https:\/\/www.atilanoanllo.com\/productos-gallegos\/"},{"@type":"ListItem","position":2,"name":"Legal"}]},{"@type":"WebSite","@id":"https:\/\/www.atilanoanllo.com\/productos-gallegos\/#website","url":"https:\/\/www.atilanoanllo.com\/productos-gallegos\/","name":"Atilano Anllo","description":"Tradici&oacute;n Gallega","potentialAction":[{"@type":"SearchAction","target":{"@type":"EntryPoint","urlTemplate":"https:\/\/www.atilanoanllo.com\/productos-gallegos\/?s={search_term_string}"},"query-input":"required name=search_term_string"}],"inLanguage":"es"}]}},"_links":{"self":[{"href":"https:\/\/www.atilanoanllo.com\/productos-gallegos\/wp-json\/wp\/v2\/pages\/178","targetHints":{"allow":["GET"]}}],"collection":[{"href":"https:\/\/www.atilanoanllo.com\/productos-gallegos\/wp-json\/wp\/v2\/pages"}],"about":[{"href":"https:\/\/www.atilanoanllo.com\/productos-gallegos\/wp-json\/wp\/v2\/types\/page"}],"author":[{"embeddable":true,"href":"https:\/\/www.atilanoanllo.com\/productos-gallegos\/wp-json\/wp\/v2\/users\/1"}],"replies":[{"embeddable":true,"href":"https:\/\/www.atilanoanllo.com\/productos-gallegos\/wp-json\/wp\/v2\/comments?post=178"}],"version-history":[{"count":1,"href":"https:\/\/www.atilanoanllo.com\/productos-gallegos\/wp-json\/wp\/v2\/pages\/178\/revisions"}],"predecessor-version":[{"id":179,"href":"https:\/\/www.atilanoanllo.com\/productos-gallegos\/wp-json\/wp\/v2\/pages\/178\/revisions\/179"}],"wp:attachment":[{"href":"https:\/\/www.atilanoanllo.com\/productos-gallegos\/wp-json\/wp\/v2\/media?parent=178"}],"curies":[{"name":"wp","href":"https:\/\/api.w.org\/{rel}","templated":true}]}}